{"id":591,"date":"2023-12-01T13:27:01","date_gmt":"2023-12-01T13:27:01","guid":{"rendered":"https:\/\/projects.techhivetechnologies.com\/lfiold\/?page_id=591"},"modified":"2025-08-10T18:19:15","modified_gmt":"2025-08-10T18:19:15","slug":"andrea-rica-taboada","status":"publish","type":"page","link":"https:\/\/projects.techhivetechnologies.com\/lfiold\/behandlere-lfi-lillestrom\/andrea-rica-taboada\/","title":{"rendered":"Andrea Rica Taboada"},"content":{"rendered":"\t\t<div data-elementor-type=\"wp-page\" data-elementor-id=\"591\" class=\"elementor elementor-591\">\n\t\t\t\t\t\t<section class=\"elementor-section elementor-top-section elementor-element elementor-element-64f870a6 elementor-section-boxed elementor-section-height-default elementor-section-height-default\" data-id=\"64f870a6\" data-element_type=\"section\" data-e-type=\"section\" data-settings=\"{&quot;background_background&quot;:&quot;slideshow&quot;,&quot;background_slideshow_gallery&quot;:[{&quot;id&quot;:333,&quot;url&quot;:&quot;https:\\\/\\\/projects.techhivetechnologies.com\\\/lfiold\\\/wp-content\\\/uploads\\\/2023\\\/11\\\/asnate.jpg&quot;}],&quot;background_slideshow_ken_burns&quot;:&quot;yes&quot;,&quot;background_slideshow_loop&quot;:&quot;yes&quot;,&quot;background_slideshow_slide_duration&quot;:5000,&quot;background_slideshow_slide_transition&quot;:&quot;fade&quot;,&quot;background_slideshow_transition_duration&quot;:500,&quot;background_slideshow_ken_burns_zoom_direction&quot;:&quot;in&quot;}\">\n\t\t\t\t\t\t\t<div class=\"elementor-background-overlay\"><\/div>\n\t\t\t\t\t\t\t<div class=\"elementor-container elementor-column-gap-default\">\n\t\t\t\t\t<div class=\"elementor-column elementor-col-100 elementor-top-column elementor-element elementor-element-51e79682\" data-id=\"51e79682\" data-element_type=\"column\" data-e-type=\"column\">\n\t\t\t<div class=\"elementor-widget-wrap elementor-element-populated\">\n\t\t\t\t\t\t<div class=\"elementor-element elementor-element-67427db2 elementor-widget elementor-widget-heading\" data-id=\"67427db2\" data-element_type=\"widget\" data-e-type=\"widget\" data-widget_type=\"heading.default\">\n\t\t\t\t<div class=\"elementor-widget-container\">\n\t\t\t\t\t<h1 class=\"elementor-heading-title elementor-size-default\">Andrea Rica Taboada\nFysioterapeut og Osteopat\n<\/h1>\t\t\t\t<\/div>\n\t\t\t\t<\/div>\n\t\t\t\t\t<\/div>\n\t\t<\/div>\n\t\t\t\t\t<\/div>\n\t\t<\/section>\n\t\t\t\t<section class=\"elementor-section elementor-top-section elementor-element elementor-element-6be6a66e elementor-section-boxed elementor-section-height-default elementor-section-height-default\" data-id=\"6be6a66e\" data-element_type=\"section\" data-e-type=\"section\" data-settings=\"{&quot;background_background&quot;:&quot;classic&quot;}\">\n\t\t\t\t\t\t<div class=\"elementor-container elementor-column-gap-default\">\n\t\t\t\t\t<div class=\"elementor-column elementor-col-100 elementor-top-column elementor-element elementor-element-6ce1ee56\" data-id=\"6ce1ee56\" data-element_type=\"column\" data-e-type=\"column\">\n\t\t\t<div class=\"elementor-widget-wrap elementor-element-populated\">\n\t\t\t\t\t\t<section class=\"elementor-section elementor-inner-section elementor-element elementor-element-23d791bf elementor-section-boxed elementor-section-height-default elementor-section-height-default\" data-id=\"23d791bf\" data-element_type=\"section\" data-e-type=\"section\">\n\t\t\t\t\t\t<div class=\"elementor-container elementor-column-gap-wider\">\n\t\t\t\t\t<div class=\"elementor-column elementor-col-50 elementor-inner-column elementor-element elementor-element-fb669f5\" data-id=\"fb669f5\" data-element_type=\"column\" data-e-type=\"column\">\n\t\t\t<div class=\"elementor-widget-wrap elementor-element-populated\">\n\t\t\t\t\t\t<div class=\"elementor-element elementor-element-3f3ef94f elementor-widget elementor-widget-image\" data-id=\"3f3ef94f\" data-element_type=\"widget\" data-e-type=\"widget\" data-widget_type=\"image.default\">\n\t\t\t\t<div class=\"elementor-widget-container\">\n\t\t\t\t\t\t\t\t\t\t\t\t\t\t\t<img fetchpriority=\"high\" decoding=\"async\" width=\"600\" height=\"600\" src=\"https:\/\/projects.techhivetechnologies.com\/lfiold\/wp-content\/uploads\/2023\/11\/LFI_AndreaRica_600px.jpg\" class=\"attachment-full size-full wp-image-334\" alt=\"Andrea Rica Taboada \u2013 Fysioterapeut og Osteopat hos LFI Helse + Trening Lillestr\u00f8m\" srcset=\"https:\/\/projects.techhivetechnologies.com\/lfiold\/wp-content\/uploads\/2023\/11\/LFI_AndreaRica_600px.jpg 600w, https:\/\/projects.techhivetechnologies.com\/lfiold\/wp-content\/uploads\/2023\/11\/LFI_AndreaRica_600px-300x300.jpg 300w, https:\/\/projects.techhivetechnologies.com\/lfiold\/wp-content\/uploads\/2023\/11\/LFI_AndreaRica_600px-150x150.jpg 150w\" sizes=\"(max-width: 600px) 100vw, 600px\" \/>\t\t\t\t\t\t\t\t\t\t\t\t\t\t\t<\/div>\n\t\t\t\t<\/div>\n\t\t\t\t<div class=\"elementor-element elementor-element-6b7ee1d2 elementor-align-center elementor-widget elementor-widget-button\" data-id=\"6b7ee1d2\" data-element_type=\"widget\" data-e-type=\"widget\" data-widget_type=\"button.default\">\n\t\t\t\t<div class=\"elementor-widget-container\">\n\t\t\t\t\t\t\t\t\t<div class=\"elementor-button-wrapper\">\n\t\t\t\t\t<a class=\"elementor-button elementor-button-link elementor-size-sm\" href=\"https:\/\/helse.aspit.no\/quick-appointment?clinicId=a0115b16-a2b2-49e2-9afe-75d3b6564d0a&#038;mode=5&#038;therapistId=11885&#038;therapistName=Andrea%20Rica%20Taboada&#038;fbclid=IwAR0Cbh9bZbSl8P1GwtRobhSBhtpuhlVSsNiy8xVWLPwQyQ6vZ8sq1Ek_Zs0\">\n\t\t\t\t\t\t<span class=\"elementor-button-content-wrapper\">\n\t\t\t\t\t\t\t\t\t<span class=\"elementor-button-text\">Bestill time \u2013 Endre din avtale<\/span>\n\t\t\t\t\t<\/span>\n\t\t\t\t\t<\/a>\n\t\t\t\t<\/div>\n\t\t\t\t\t\t\t\t<\/div>\n\t\t\t\t<\/div>\n\t\t\t\t<div class=\"elementor-element elementor-element-337e1be elementor-align-center elementor-icon-list--layout-traditional elementor-list-item-link-full_width elementor-widget elementor-widget-icon-list\" data-id=\"337e1be\" data-element_type=\"widget\" data-e-type=\"widget\" data-widget_type=\"icon-list.default\">\n\t\t\t\t<div class=\"elementor-widget-container\">\n\t\t\t\t\t\t\t<ul class=\"elementor-icon-list-items\">\n\t\t\t\t\t\t\t<li class=\"elementor-icon-list-item\">\n\t\t\t\t\t\t\t\t\t\t\t<a href=\"mailto:andrea@projects.techhivetechnologies.com\">\n\n\t\t\t\t\t\t\t\t\t\t\t\t<span class=\"elementor-icon-list-icon\">\n\t\t\t\t\t\t\t<i aria-hidden=\"true\" class=\"icon icon-envelope\"><\/i>\t\t\t\t\t\t<\/span>\n\t\t\t\t\t\t\t\t\t\t<span class=\"elementor-icon-list-text\">andrea@projects.techhivetechnologies.com<\/span>\n\t\t\t\t\t\t\t\t\t\t\t<\/a>\n\t\t\t\t\t\t\t\t\t<\/li>\n\t\t\t\t\t\t<\/ul>\n\t\t\t\t\t\t<\/div>\n\t\t\t\t<\/div>\n\t\t\t\t\t<\/div>\n\t\t<\/div>\n\t\t\t\t<div class=\"elementor-column elementor-col-50 elementor-inner-column elementor-element elementor-element-49954fb\" data-id=\"49954fb\" data-element_type=\"column\" data-e-type=\"column\">\n\t\t\t<div class=\"elementor-widget-wrap elementor-element-populated\">\n\t\t\t\t\t\t<div class=\"elementor-element elementor-element-7c9b8a15 elementor-widget elementor-widget-text-editor\" data-id=\"7c9b8a15\" data-element_type=\"widget\" data-e-type=\"widget\" data-widget_type=\"text-editor.default\">\n\t\t\t\t<div class=\"elementor-widget-container\">\n\t\t\t\t\t\t\t\t\t<p>Osteopat D.O. MNOF \u2013 Fysioterapeut<\/p>\t\t\t\t\t\t\t\t<\/div>\n\t\t\t\t<\/div>\n\t\t\t\t<div class=\"elementor-element elementor-element-762b0642 elementor-widget elementor-widget-heading\" data-id=\"762b0642\" data-element_type=\"widget\" data-e-type=\"widget\" data-widget_type=\"heading.default\">\n\t\t\t\t<div class=\"elementor-widget-container\">\n\t\t\t\t\t<h2 class=\"elementor-heading-title elementor-size-default\">Andrea Rica Taboada<\/h2>\t\t\t\t<\/div>\n\t\t\t\t<\/div>\n\t\t\t\t<div class=\"elementor-element elementor-element-3f16480f elementor-widget-divider--view-line elementor-widget elementor-widget-divider\" data-id=\"3f16480f\" data-element_type=\"widget\" data-e-type=\"widget\" data-widget_type=\"divider.default\">\n\t\t\t\t<div class=\"elementor-widget-container\">\n\t\t\t\t\t\t\t<div class=\"elementor-divider\">\n\t\t\t<span class=\"elementor-divider-separator\">\n\t\t\t\t\t\t<\/span>\n\t\t<\/div>\n\t\t\t\t\t\t<\/div>\n\t\t\t\t<\/div>\n\t\t\t\t<div class=\"elementor-element elementor-element-311d0266 elementor-widget elementor-widget-text-editor\" data-id=\"311d0266\" data-element_type=\"widget\" data-e-type=\"widget\" data-widget_type=\"text-editor.default\">\n\t\t\t\t<div class=\"elementor-widget-container\">\n\t\t\t\t\t\t\t\t\t<p>Andrea Rica Taboada er <a href=\"https:\/\/projects.techhivetechnologies.com\/lfiold\/behandling\/fysioterapi\/\">fysioterapeut<\/a> og <a href=\"https:\/\/projects.techhivetechnologies.com\/lfiold\/behandling\/osteopat\/\">osteopat<\/a> i Lillestr\u00f8m ved LFI Helse og Trening. Hun tilbyr helhetlig behandling med fokus p\u00e5 sammenhengen mellom kropp, helse og hverdagsliv. Andrea kombinerer klinisk erfaring, idrettskompetanse og individuell oppf\u00f8lging for \u00e5 hjelpe deg tilbake til god funksjon.<\/p><p>Andrea er en dyktig og erfaren <a href=\"https:\/\/projects.techhivetechnologies.com\/lfiold\/hva-er-en-osteopat-og-hva-kan-de-behandle\/\">osteopat<\/a> og fysioterapeut som spesialiserer seg p\u00e5 rehabilitering av idrettsskader, samt forebygging og behandling av muskel- og skjelettplager.<\/p><p><b>Utdanning og kompetanse<\/b><\/p><p>Andrea har en bachelorgrad i fysioterapi fra Universidad Internacional de Catalu\u00f1a i Barcelona, og er utdannet osteopat (DO) fra Escuela de Osteopat\u00eda de Barcelona i samarbeid med European School of Osteopathy i Maidstone, England. I tillegg har hun gjennomf\u00f8rt kurs i personlig trening og pilates for fysioterapeuter, noe som gir henne en helhetlig tiln\u00e6rming til trening og rehabilitering.<\/p><p><b>Tidligere erfaring som idrettsut\u00f8ver og fysioterapeut<\/b><\/p><p>Andrea har bakgrunn som tidligere <a href=\"https:\/\/projects.techhivetechnologies.com\/lfiold\/overgang-idrettsutover-fysioterapeut\/\">toppidrettsut\u00f8ver og landslagsut\u00f8ver i Taekwondo.<\/a> Denne erfaringen gir henne en dypere forst\u00e5else for idrettsskader og hvordan man best rehabiliterer for \u00e5 komme trygt og raskt tilbake til aktivitet. Hun har bred erfaring med \u00e5 behandle ulike typer muskel- og skjelettplager, inkludert refererte smerter og triggerpunkter.<\/p><p>Hun har tidligere jobbet som fysioterapeut ved det olympiske senteret C.A.R. i Spania, hvor hun behandlet ut\u00f8vere fra ulike idretter. Hun har ogs\u00e5 v\u00e6rt fysioterapeut for det spanske landslaget i Taekwondo, og hatt praksis ved flere anerkjente klinikker i Barcelona.<\/p><p><b>Bestill time hos Andrea i dag!<\/b><\/p><p>N\u00e5r du velger Andrea som din <a href=\"https:\/\/projects.techhivetechnologies.com\/lfiold\/behandling\/fysioterapi\/\">fysioterapeut<\/a> og <a href=\"https:\/\/projects.techhivetechnologies.com\/lfiold\/behandling\/osteopat\/\">osteopat<\/a> hos LFI, f\u00e5r du en engasjert fagperson som tilpasser behandlingen etter dine behov \u2013 enten du \u00f8nsker rehabilitering etter skade eller vil jobbe helhetlig med helse og prestasjon.<\/p><p><strong>Telefon<br \/><\/strong><a href=\"tel:93065628\">93 065 628<\/a><\/p>\t\t\t\t\t\t\t\t<\/div>\n\t\t\t\t<\/div>\n\t\t\t\t<div class=\"elementor-element elementor-element-131d5686 elementor-button-align-stretch elementor-widget elementor-widget-form\" data-id=\"131d5686\" data-element_type=\"widget\" data-e-type=\"widget\" data-settings=\"{&quot;step_next_label&quot;:&quot;Next&quot;,&quot;step_previous_label&quot;:&quot;Previous&quot;,&quot;button_width&quot;:&quot;100&quot;,&quot;step_type&quot;:&quot;number_text&quot;,&quot;step_icon_shape&quot;:&quot;circle&quot;}\" data-widget_type=\"form.default\">\n\t\t\t\t<div class=\"elementor-widget-container\">\n\t\t\t\t\t\t\t<form class=\"elementor-form\" method=\"post\" name=\"New Form\">\n\t\t\t<input type=\"hidden\" name=\"post_id\" value=\"591\"\/>\n\t\t\t<input type=\"hidden\" name=\"form_id\" value=\"131d5686\"\/>\n\t\t\t<input type=\"hidden\" name=\"referer_title\" value=\"LFI\" \/>\n\n\t\t\t\n\t\t\t<div class=\"elementor-form-fields-wrapper elementor-labels-above\">\n\t\t\t\t\t\t\t\t<div class=\"elementor-field-type-text elementor-field-group elementor-column elementor-field-group-name elementor-col-100\">\n\t\t\t\t\t\t\t\t\t\t\t\t\t<input size=\"1\" type=\"text\" name=\"form_fields[name]\" id=\"form-field-name\" class=\"elementor-field elementor-size-sm  elementor-field-textual\" placeholder=\"Navn\">\n\t\t\t\t\t\t\t\t\t\t\t<\/div>\n\t\t\t\t\t\t\t\t<div class=\"elementor-field-type-email elementor-field-group elementor-column elementor-field-group-email elementor-col-100 elementor-field-required\">\n\t\t\t\t\t\t\t\t\t\t\t\t\t<input size=\"1\" type=\"email\" name=\"form_fields[email]\" id=\"form-field-email\" class=\"elementor-field elementor-size-sm  elementor-field-textual\" placeholder=\"E-post\" required=\"required\" aria-required=\"true\">\n\t\t\t\t\t\t\t\t\t\t\t<\/div>\n\t\t\t\t\t\t\t\t<div class=\"elementor-field-type-textarea elementor-field-group elementor-column elementor-field-group-message elementor-col-100\">\n\t\t\t\t\t<textarea class=\"elementor-field-textual elementor-field  elementor-size-sm\" name=\"form_fields[message]\" id=\"form-field-message\" rows=\"6\" placeholder=\"Hva kan jeg hjelpe deg med? (Ikke oppgi sensitiv informasjon som f.eks personnummer)\"><\/textarea>\t\t\t\t<\/div>\n\t\t\t\t\t\t\t\t<div class=\"elementor-field-group elementor-column elementor-field-type-submit elementor-col-100 e-form__buttons\">\n\t\t\t\t\t<button type=\"submit\" class=\"elementor-button elementor-size-sm\">\n\t\t\t\t\t\t<span >\n\t\t\t\t\t\t\t\t\t\t\t\t\t\t\t<span class=\" elementor-button-icon\">\n\t\t\t\t\t\t\t\t\t\t\t\t\t\t\t\t\t\t\t\t\t\t\t\t\t\t<\/span>\n\t\t\t\t\t\t\t\t\t\t\t\t\t\t\t\t\t\t\t\t\t\t<span class=\"elementor-button-text\">Send<\/span>\n\t\t\t\t\t\t\t\t\t\t\t\t\t<\/span>\n\t\t\t\t\t<\/button>\n\t\t\t\t<\/div>\n\t\t\t<\/div>\n\t\t<\/form>\n\t\t\t\t\t\t<\/div>\n\t\t\t\t<\/div>\n\t\t\t\t\t<\/div>\n\t\t<\/div>\n\t\t\t\t\t<\/div>\n\t\t<\/section>\n\t\t\t\t\t<\/div>\n\t\t<\/div>\n\t\t\t\t\t<\/div>\n\t\t<\/section>\n\t\t\t\t<\/div>\n\t\t","protected":false},"excerpt":{"rendered":"<p>Andrea Rica Taboada Fysioterapeut og Osteopat Bestill time \u2013 Endre din avtale andrea@projects.techhivetechnologies.com Osteopat D.O. MNOF \u2013 Fysioterapeut Andrea Rica Taboada Andrea Rica Taboada er fysioterapeut og osteopat i Lillestr\u00f8m ved LFI Helse og Trening. Hun tilbyr helhetlig behandling med fokus p\u00e5 sammenhengen mellom kropp, helse og hverdagsliv. Andrea kombinerer klinisk erfaring, idrettskompetanse og individuell [&hellip;]<\/p>\n","protected":false},"author":1,"featured_media":0,"parent":41,"menu_order":0,"comment_status":"closed","ping_status":"closed","template":"elementor_header_footer","meta":{"footnotes":""},"class_list":["post-591","page","type-page","status-publish","hentry"],"yoast_head":"<!-- This site is optimized with the Yoast SEO Premium plugin v25.8 (Yoast SEO v27.4) - https:\/\/yoast.com\/product\/yoast-seo-premium-wordpress\/ -->\n<title>Andrea Rica Taboada \u2013 Fysioterapeut &amp; Osteopat | LFI Lillestr\u00f8m<\/title>\n<meta name=\"description\" content=\"M\u00f8t Andrea Rica Taboada, fysioterapeut og osteopat hos LFI Helse + Trening i Lillestr\u00f8m. Erfaring innen utredning, behandling og trening.\" \/>\n<meta name=\"robots\" content=\"index, follow, max-snippet:-1, max-image-preview:large, max-video-preview:-1\" \/>\n<link rel=\"canonical\" href=\"https:\/\/projects.techhivetechnologies.com\/lfiold\/behandlere-lfi-lillestrom\/andrea-rica-taboada\/\" \/>\n<meta property=\"og:locale\" content=\"en_US\" \/>\n<meta property=\"og:type\" content=\"article\" \/>\n<meta property=\"og:title\" content=\"Andrea Rica Taboada\" \/>\n<meta property=\"og:description\" content=\"M\u00f8t Andrea Rica Taboada, fysioterapeut og osteopat hos LFI Helse + Trening i Lillestr\u00f8m. Erfaring innen utredning, behandling og trening.\" \/>\n<meta property=\"og:url\" content=\"https:\/\/projects.techhivetechnologies.com\/lfiold\/behandlere-lfi-lillestrom\/andrea-rica-taboada\/\" \/>\n<meta property=\"og:site_name\" content=\"LFI\" \/>\n<meta property=\"article:modified_time\" content=\"2025-08-10T18:19:15+00:00\" \/>\n<meta property=\"og:image\" content=\"https:\/\/projects.techhivetechnologies.com\/lfiold\/wp-content\/uploads\/2023\/11\/LFI_AndreaRica_600px.jpg\" \/>\n<meta name=\"twitter:card\" content=\"summary_large_image\" \/>\n<meta name=\"twitter:label1\" content=\"Est. reading time\" \/>\n\t<meta name=\"twitter:data1\" content=\"2 minutes\" \/>\n<script type=\"application\/ld+json\" class=\"yoast-schema-graph\">{\"@context\":\"https:\\\/\\\/schema.org\",\"@graph\":[{\"@type\":\"WebPage\",\"@id\":\"https:\\\/\\\/projects.techhivetechnologies.com\\\/lfiold\\\/behandlere-lfi-lillestrom\\\/andrea-rica-taboada\\\/\",\"url\":\"https:\\\/\\\/projects.techhivetechnologies.com\\\/lfiold\\\/behandlere-lfi-lillestrom\\\/andrea-rica-taboada\\\/\",\"name\":\"Andrea Rica Taboada \u2013 Fysioterapeut & Osteopat | LFI Lillestr\u00f8m\",\"isPartOf\":{\"@id\":\"https:\\\/\\\/projects.techhivetechnologies.com\\\/lfiold\\\/#website\"},\"primaryImageOfPage\":{\"@id\":\"https:\\\/\\\/projects.techhivetechnologies.com\\\/lfiold\\\/behandlere-lfi-lillestrom\\\/andrea-rica-taboada\\\/#primaryimage\"},\"image\":{\"@id\":\"https:\\\/\\\/projects.techhivetechnologies.com\\\/lfiold\\\/behandlere-lfi-lillestrom\\\/andrea-rica-taboada\\\/#primaryimage\"},\"thumbnailUrl\":\"https:\\\/\\\/projects.techhivetechnologies.com\\\/lfiold\\\/wp-content\\\/uploads\\\/2023\\\/11\\\/LFI_AndreaRica_600px.jpg\",\"datePublished\":\"2023-12-01T13:27:01+00:00\",\"dateModified\":\"2025-08-10T18:19:15+00:00\",\"description\":\"M\u00f8t Andrea Rica Taboada, fysioterapeut og osteopat hos LFI Helse + Trening i Lillestr\u00f8m. Erfaring innen utredning, behandling og trening.\",\"breadcrumb\":{\"@id\":\"https:\\\/\\\/projects.techhivetechnologies.com\\\/lfiold\\\/behandlere-lfi-lillestrom\\\/andrea-rica-taboada\\\/#breadcrumb\"},\"inLanguage\":\"en-US\",\"potentialAction\":[{\"@type\":\"ReadAction\",\"target\":[\"https:\\\/\\\/projects.techhivetechnologies.com\\\/lfiold\\\/behandlere-lfi-lillestrom\\\/andrea-rica-taboada\\\/\"]}]},{\"@type\":\"ImageObject\",\"inLanguage\":\"en-US\",\"@id\":\"https:\\\/\\\/projects.techhivetechnologies.com\\\/lfiold\\\/behandlere-lfi-lillestrom\\\/andrea-rica-taboada\\\/#primaryimage\",\"url\":\"https:\\\/\\\/projects.techhivetechnologies.com\\\/lfiold\\\/wp-content\\\/uploads\\\/2023\\\/11\\\/LFI_AndreaRica_600px.jpg\",\"contentUrl\":\"https:\\\/\\\/projects.techhivetechnologies.com\\\/lfiold\\\/wp-content\\\/uploads\\\/2023\\\/11\\\/LFI_AndreaRica_600px.jpg\",\"width\":600,\"height\":600,\"caption\":\"Andrea Rica Taboada \u2013 Fysioterapeut og Osteopat hos LFI Helse + Trening Lillestr\u00f8m\"},{\"@type\":\"BreadcrumbList\",\"@id\":\"https:\\\/\\\/projects.techhivetechnologies.com\\\/lfiold\\\/behandlere-lfi-lillestrom\\\/andrea-rica-taboada\\\/#breadcrumb\",\"itemListElement\":[{\"@type\":\"ListItem\",\"position\":1,\"name\":\"Home\",\"item\":\"https:\\\/\\\/projects.techhivetechnologies.com\\\/lfiold\\\/\"},{\"@type\":\"ListItem\",\"position\":2,\"name\":\"Behandlere\",\"item\":\"https:\\\/\\\/projects.techhivetechnologies.com\\\/lfiold\\\/behandlere-lfi-lillestrom\\\/\"},{\"@type\":\"ListItem\",\"position\":3,\"name\":\"Andrea Rica Taboada\"}]},{\"@type\":\"WebSite\",\"@id\":\"https:\\\/\\\/projects.techhivetechnologies.com\\\/lfiold\\\/#website\",\"url\":\"https:\\\/\\\/projects.techhivetechnologies.com\\\/lfiold\\\/\",\"name\":\"LFI\",\"description\":\"Helse og Trening\",\"potentialAction\":[{\"@type\":\"SearchAction\",\"target\":{\"@type\":\"EntryPoint\",\"urlTemplate\":\"https:\\\/\\\/projects.techhivetechnologies.com\\\/lfiold\\\/?s={search_term_string}\"},\"query-input\":{\"@type\":\"PropertyValueSpecification\",\"valueRequired\":true,\"valueName\":\"search_term_string\"}}],\"inLanguage\":\"en-US\"}]}<\/script>\n<!-- \/ Yoast SEO Premium plugin. -->","yoast_head_json":{"title":"Andrea Rica Taboada \u2013 Fysioterapeut & Osteopat | LFI Lillestr\u00f8m","description":"M\u00f8t Andrea Rica Taboada, fysioterapeut og osteopat hos LFI Helse + Trening i Lillestr\u00f8m. Erfaring innen utredning, behandling og trening.","robots":{"index":"index","follow":"follow","max-snippet":"max-snippet:-1","max-image-preview":"max-image-preview:large","max-video-preview":"max-video-preview:-1"},"canonical":"https:\/\/projects.techhivetechnologies.com\/lfiold\/behandlere-lfi-lillestrom\/andrea-rica-taboada\/","og_locale":"en_US","og_type":"article","og_title":"Andrea Rica Taboada","og_description":"M\u00f8t Andrea Rica Taboada, fysioterapeut og osteopat hos LFI Helse + Trening i Lillestr\u00f8m. Erfaring innen utredning, behandling og trening.","og_url":"https:\/\/projects.techhivetechnologies.com\/lfiold\/behandlere-lfi-lillestrom\/andrea-rica-taboada\/","og_site_name":"LFI","article_modified_time":"2025-08-10T18:19:15+00:00","og_image":[{"url":"https:\/\/projects.techhivetechnologies.com\/lfiold\/wp-content\/uploads\/2023\/11\/LFI_AndreaRica_600px.jpg","type":"","width":"","height":""}],"twitter_card":"summary_large_image","twitter_misc":{"Est. reading time":"2 minutes"},"schema":{"@context":"https:\/\/schema.org","@graph":[{"@type":"WebPage","@id":"https:\/\/projects.techhivetechnologies.com\/lfiold\/behandlere-lfi-lillestrom\/andrea-rica-taboada\/","url":"https:\/\/projects.techhivetechnologies.com\/lfiold\/behandlere-lfi-lillestrom\/andrea-rica-taboada\/","name":"Andrea Rica Taboada \u2013 Fysioterapeut & Osteopat | LFI Lillestr\u00f8m","isPartOf":{"@id":"https:\/\/projects.techhivetechnologies.com\/lfiold\/#website"},"primaryImageOfPage":{"@id":"https:\/\/projects.techhivetechnologies.com\/lfiold\/behandlere-lfi-lillestrom\/andrea-rica-taboada\/#primaryimage"},"image":{"@id":"https:\/\/projects.techhivetechnologies.com\/lfiold\/behandlere-lfi-lillestrom\/andrea-rica-taboada\/#primaryimage"},"thumbnailUrl":"https:\/\/projects.techhivetechnologies.com\/lfiold\/wp-content\/uploads\/2023\/11\/LFI_AndreaRica_600px.jpg","datePublished":"2023-12-01T13:27:01+00:00","dateModified":"2025-08-10T18:19:15+00:00","description":"M\u00f8t Andrea Rica Taboada, fysioterapeut og osteopat hos LFI Helse + Trening i Lillestr\u00f8m. Erfaring innen utredning, behandling og trening.","breadcrumb":{"@id":"https:\/\/projects.techhivetechnologies.com\/lfiold\/behandlere-lfi-lillestrom\/andrea-rica-taboada\/#breadcrumb"},"inLanguage":"en-US","potentialAction":[{"@type":"ReadAction","target":["https:\/\/projects.techhivetechnologies.com\/lfiold\/behandlere-lfi-lillestrom\/andrea-rica-taboada\/"]}]},{"@type":"ImageObject","inLanguage":"en-US","@id":"https:\/\/projects.techhivetechnologies.com\/lfiold\/behandlere-lfi-lillestrom\/andrea-rica-taboada\/#primaryimage","url":"https:\/\/projects.techhivetechnologies.com\/lfiold\/wp-content\/uploads\/2023\/11\/LFI_AndreaRica_600px.jpg","contentUrl":"https:\/\/projects.techhivetechnologies.com\/lfiold\/wp-content\/uploads\/2023\/11\/LFI_AndreaRica_600px.jpg","width":600,"height":600,"caption":"Andrea Rica Taboada \u2013 Fysioterapeut og Osteopat hos LFI Helse + Trening Lillestr\u00f8m"},{"@type":"BreadcrumbList","@id":"https:\/\/projects.techhivetechnologies.com\/lfiold\/behandlere-lfi-lillestrom\/andrea-rica-taboada\/#breadcrumb","itemListElement":[{"@type":"ListItem","position":1,"name":"Home","item":"https:\/\/projects.techhivetechnologies.com\/lfiold\/"},{"@type":"ListItem","position":2,"name":"Behandlere","item":"https:\/\/projects.techhivetechnologies.com\/lfiold\/behandlere-lfi-lillestrom\/"},{"@type":"ListItem","position":3,"name":"Andrea Rica Taboada"}]},{"@type":"WebSite","@id":"https:\/\/projects.techhivetechnologies.com\/lfiold\/#website","url":"https:\/\/projects.techhivetechnologies.com\/lfiold\/","name":"LFI","description":"Helse og Trening","potentialAction":[{"@type":"SearchAction","target":{"@type":"EntryPoint","urlTemplate":"https:\/\/projects.techhivetechnologies.com\/lfiold\/?s={search_term_string}"},"query-input":{"@type":"PropertyValueSpecification","valueRequired":true,"valueName":"search_term_string"}}],"inLanguage":"en-US"}]}},"_links":{"self":[{"href":"https:\/\/projects.techhivetechnologies.com\/lfiold\/wp-json\/wp\/v2\/pages\/591","targetHints":{"allow":["GET"]}}],"collection":[{"href":"https:\/\/projects.techhivetechnologies.com\/lfiold\/wp-json\/wp\/v2\/pages"}],"about":[{"href":"https:\/\/projects.techhivetechnologies.com\/lfiold\/wp-json\/wp\/v2\/types\/page"}],"author":[{"embeddable":true,"href":"https:\/\/projects.techhivetechnologies.com\/lfiold\/wp-json\/wp\/v2\/users\/1"}],"replies":[{"embeddable":true,"href":"https:\/\/projects.techhivetechnologies.com\/lfiold\/wp-json\/wp\/v2\/comments?post=591"}],"version-history":[{"count":0,"href":"https:\/\/projects.techhivetechnologies.com\/lfiold\/wp-json\/wp\/v2\/pages\/591\/revisions"}],"up":[{"embeddable":true,"href":"https:\/\/projects.techhivetechnologies.com\/lfiold\/wp-json\/wp\/v2\/pages\/41"}],"wp:attachment":[{"href":"https:\/\/projects.techhivetechnologies.com\/lfiold\/wp-json\/wp\/v2\/media?parent=591"}],"curies":[{"name":"wp","href":"https:\/\/api.w.org\/{rel}","templated":true}]}}