{"id":486,"date":"2026-03-05T18:59:15","date_gmt":"2026-03-05T18:59:15","guid":{"rendered":"https:\/\/projects.techhivetechnologies.com\/lfi\/monica-hansen\/"},"modified":"2026-03-05T22:36:19","modified_gmt":"2026-03-05T22:36:19","slug":"monica-hansen-personlig-trener-lillestrom","status":"publish","type":"page","link":"https:\/\/projects.techhivetechnologies.com\/lfi\/behandlere-lfi-lillestrom\/monica-hansen-personlig-trener-lillestrom\/","title":{"rendered":"Monica Hansen"},"content":{"rendered":"\t\t<div data-elementor-type=\"wp-page\" data-elementor-id=\"486\" class=\"elementor elementor-486\">\n\t\t\t\t\t\t<section class=\"elementor-section elementor-top-section elementor-element elementor-element-1ebb72bb elementor-section-boxed elementor-section-height-default elementor-section-height-default\" data-id=\"1ebb72bb\" data-element_type=\"section\" data-e-type=\"section\" data-settings=\"{&quot;background_background&quot;:&quot;classic&quot;}\">\n\t\t\t\t\t\t\t<div class=\"elementor-background-overlay\"><\/div>\n\t\t\t\t\t\t\t<div class=\"elementor-container elementor-column-gap-default\">\n\t\t\t\t\t<div class=\"elementor-column elementor-col-100 elementor-top-column elementor-element elementor-element-742aa703\" data-id=\"742aa703\" data-element_type=\"column\" data-e-type=\"column\">\n\t\t\t<div class=\"elementor-widget-wrap elementor-element-populated\">\n\t\t\t\t\t\t<div class=\"elementor-element elementor-element-3b52b5b9 elementor-widget elementor-widget-heading\" data-id=\"3b52b5b9\" data-element_type=\"widget\" data-e-type=\"widget\" data-widget_type=\"heading.default\">\n\t\t\t\t<div class=\"elementor-widget-container\">\n\t\t\t\t\t<h1 class=\"elementor-heading-title elementor-size-default\">Monica Hansen<\/h1>\t\t\t\t<\/div>\n\t\t\t\t<\/div>\n\t\t\t\t\t<\/div>\n\t\t<\/div>\n\t\t\t\t\t<\/div>\n\t\t<\/section>\n\t\t\t\t<section class=\"elementor-section elementor-top-section elementor-element elementor-element-4a5cc969 elementor-section-boxed elementor-section-height-default elementor-section-height-default\" data-id=\"4a5cc969\" data-element_type=\"section\" data-e-type=\"section\" data-settings=\"{&quot;background_background&quot;:&quot;classic&quot;}\">\n\t\t\t\t\t\t<div class=\"elementor-container elementor-column-gap-default\">\n\t\t\t\t\t<div class=\"elementor-column elementor-col-100 elementor-top-column elementor-element elementor-element-477de3be\" data-id=\"477de3be\" data-element_type=\"column\" data-e-type=\"column\">\n\t\t\t<div class=\"elementor-widget-wrap elementor-element-populated\">\n\t\t\t\t\t\t<section class=\"elementor-section elementor-inner-section elementor-element elementor-element-f9f3a31 elementor-section-boxed elementor-section-height-default elementor-section-height-default\" data-id=\"f9f3a31\" data-element_type=\"section\" data-e-type=\"section\">\n\t\t\t\t\t\t<div class=\"elementor-container elementor-column-gap-wider\">\n\t\t\t\t\t<div class=\"elementor-column elementor-col-50 elementor-inner-column elementor-element elementor-element-7d91c9fa\" data-id=\"7d91c9fa\" data-element_type=\"column\" data-e-type=\"column\">\n\t\t\t<div class=\"elementor-widget-wrap elementor-element-populated\">\n\t\t\t\t\t\t<div class=\"elementor-element elementor-element-172e3476 elementor-widget elementor-widget-image\" data-id=\"172e3476\" data-element_type=\"widget\" data-e-type=\"widget\" data-widget_type=\"image.default\">\n\t\t\t\t<div class=\"elementor-widget-container\">\n\t\t\t\t\t\t\t\t\t\t\t\t\t\t\t<img fetchpriority=\"high\" decoding=\"async\" width=\"600\" height=\"600\" src=\"https:\/\/projects.techhivetechnologies.com\/lfi\/wp-content\/uploads\/Monica-Hansen-\u2013-personlig-trener-i-Lillestrom.jpg\" class=\"attachment-full size-full wp-image-7587\" alt=\"Monica Hansen \u2013 personlig trener i Lillestr\u00f8m\" srcset=\"https:\/\/projects.techhivetechnologies.com\/lfi\/wp-content\/uploads\/Monica-Hansen-\u2013-personlig-trener-i-Lillestrom.jpg 600w, https:\/\/projects.techhivetechnologies.com\/lfi\/wp-content\/uploads\/Monica-Hansen-\u2013-personlig-trener-i-Lillestrom-300x300.jpg 300w, https:\/\/projects.techhivetechnologies.com\/lfi\/wp-content\/uploads\/Monica-Hansen-\u2013-personlig-trener-i-Lillestrom-150x150.jpg 150w\" sizes=\"(max-width: 600px) 100vw, 600px\" \/>\t\t\t\t\t\t\t\t\t\t\t\t\t\t\t<\/div>\n\t\t\t\t<\/div>\n\t\t\t\t<div class=\"elementor-element elementor-element-1df081a6 elementor-align-center elementor-icon-list--layout-traditional elementor-list-item-link-full_width elementor-widget elementor-widget-icon-list\" data-id=\"1df081a6\" data-element_type=\"widget\" data-e-type=\"widget\" data-widget_type=\"icon-list.default\">\n\t\t\t\t<div class=\"elementor-widget-container\">\n\t\t\t\t\t\t\t<ul class=\"elementor-icon-list-items\">\n\t\t\t\t\t\t\t<li class=\"elementor-icon-list-item\">\n\t\t\t\t\t\t\t\t\t\t\t<a href=\"mailto:mh@lfi.no\">\n\n\t\t\t\t\t\t\t\t\t\t\t\t<span class=\"elementor-icon-list-icon\">\n\t\t\t\t\t\t\t<i aria-hidden=\"true\" class=\"icon icon-envelope\"><\/i>\t\t\t\t\t\t<\/span>\n\t\t\t\t\t\t\t\t\t\t<span class=\"elementor-icon-list-text\">mh@lfi.no<\/span>\n\t\t\t\t\t\t\t\t\t\t\t<\/a>\n\t\t\t\t\t\t\t\t\t<\/li>\n\t\t\t\t\t\t<\/ul>\n\t\t\t\t\t\t<\/div>\n\t\t\t\t<\/div>\n\t\t\t\t\t<\/div>\n\t\t<\/div>\n\t\t\t\t<div class=\"elementor-column elementor-col-50 elementor-inner-column elementor-element elementor-element-22073fa0\" data-id=\"22073fa0\" data-element_type=\"column\" data-e-type=\"column\">\n\t\t\t<div class=\"elementor-widget-wrap elementor-element-populated\">\n\t\t\t\t\t\t<div class=\"elementor-element elementor-element-4106aa48 elementor-widget elementor-widget-text-editor\" data-id=\"4106aa48\" data-element_type=\"widget\" data-e-type=\"widget\" data-widget_type=\"text-editor.default\">\n\t\t\t\t<div class=\"elementor-widget-container\">\n\t\t\t\t\t\t\t\t\t<p>Personlig trener \u2013 kostholds veileder<\/p>\t\t\t\t\t\t\t\t<\/div>\n\t\t\t\t<\/div>\n\t\t\t\t<div class=\"elementor-element elementor-element-1d1c3fb2 elementor-widget elementor-widget-heading\" data-id=\"1d1c3fb2\" data-element_type=\"widget\" data-e-type=\"widget\" data-widget_type=\"heading.default\">\n\t\t\t\t<div class=\"elementor-widget-container\">\n\t\t\t\t\t<h2 class=\"elementor-heading-title elementor-size-default\">Personlig trener i Lillestr\u00f8m  Monica Hansen<\/h2>\t\t\t\t<\/div>\n\t\t\t\t<\/div>\n\t\t\t\t<div class=\"elementor-element elementor-element-21b1b14d elementor-widget-divider--view-line elementor-widget elementor-widget-divider\" data-id=\"21b1b14d\" data-element_type=\"widget\" data-e-type=\"widget\" data-widget_type=\"divider.default\">\n\t\t\t\t<div class=\"elementor-widget-container\">\n\t\t\t\t\t\t\t<div class=\"elementor-divider\">\n\t\t\t<span class=\"elementor-divider-separator\">\n\t\t\t\t\t\t<\/span>\n\t\t<\/div>\n\t\t\t\t\t\t<\/div>\n\t\t\t\t<\/div>\n\t\t\t\t<div class=\"elementor-element elementor-element-4cb382ab elementor-widget elementor-widget-text-editor\" data-id=\"4cb382ab\" data-element_type=\"widget\" data-e-type=\"widget\" data-widget_type=\"text-editor.default\">\n\t\t\t\t<div class=\"elementor-widget-container\">\n\t\t\t\t\t\t\t\t\t<p><strong>Interessefelt:\u00a0<\/strong>Skape gode treningsopplevelser som skal motivere til langvarig trening, Styrketrening for l\u00f8p\/ski, Utholdenhetstrening, Slyngetrening,<strong><br \/><\/strong><\/p><p><strong>Utdanning:<\/strong>\u00a0Personlig trener, <a href=\"https:\/\/www.nih.no\/\">Norges idrettsh\u00f8gskole NIH<\/a><\/p><p><strong>Kurs:<\/strong>\u00a0Kosthold og <a href=\"https:\/\/lfi.no\/trening\/kostholdsveiledning-ernaeringsradgivning-i-lillestrom-lfi-helse-og-trening\/\">ern\u00e6ring<\/a> Norges idrettsh\u00f8gskole NIH<\/p><p><strong>Erfaring:<\/strong>\u00a0Har i mange \u00e5r jobbet som <a href=\"https:\/\/lfi.no\/personlig-trener-lillestrom\/\">personlig trener<\/a> og kostholdsveileder<\/p><p><strong>Tlf:\u00a0<\/strong>93241840<\/p><p>Monica Hansen <a href=\"https:\/\/lfi.no\/personlig-trening\/\">personlig trener<\/a>\u00a0 i Lillestr\u00f8m hjelper deg \u00e5 komme i gang med trening, eller ta steget videre til neste niv\u00e5. Hun tilpasser \u00f8ktene etter dine m\u00e5l, behov og erfaring. Derfor f\u00e5r du et opplegg som gir resultater, enten du \u00f8nsker mer styrke, bedre kondisjon, <a href=\"https:\/\/lfi.no\/gruppetrening-styrke-og-kondisjon\/\">gruppetrening<\/a> eller hjelp til skadeforebygging.<\/p><p>Monica har lang erfaring med mennesker i ulike aldre og hverdagssituasjoner. Hun har m\u00f8tt b\u00e5de nybegynnere og erfarne mosjonister. Dessuten vet hun at trening skal f\u00f8les <a href=\"https:\/\/lfi.no\/kan-jeg-trene-med-smerte\/\">trygt og motiverende<\/a>, uansett hvilket utgangspunkt du har.<\/p><p>Hun er opptatt av tydelig kommunikasjon og oppn\u00e5elige m\u00e5l. Treningen kan foreg\u00e5 i sal, styrkerom eller som praktisk funksjonell trening. I tillegg s\u00f8rger hun alltid for variasjon, slik at programmet passer b\u00e5de til dagsform og kapasitet.<\/p><p>Hos <a href=\"https:\/\/lfi.no\">LFI Helse + Trening<\/a> samarbeider Monica tett med <a href=\"https:\/\/lfi.no\/behandling\/fysioterapi\/\">fysioterapeuter<\/a>, <a href=\"https:\/\/lfi.no\/behandlere\/dr-hans-schipper\/\">idrettslege<\/a>, <a href=\"https:\/\/lfi.no\/behandling\/manuellterapi\/\">manuellterapeuter<\/a> og <a href=\"https:\/\/lfi.no\/behandling\/osteopat\/\">osteopater<\/a>. Samtidig f\u00e5r du helhetlig oppf\u00f8lging fra <a href=\"https:\/\/lfi.no\/behandlere-lfi-lillestrom\/\">fagpersoner<\/a> som ser hele deg. Du kan velge en-til-en-timer, eller f\u00e5 satt opp et program du f\u00f8lger p\u00e5 egen h\u00e5nd.<\/p><p>Mange av de som trener med Monica, setter pris p\u00e5 trygghet og jordn\u00e6r oppf\u00f8lging. Til slutt opplever de ogs\u00e5 mestring, inspirasjon og treningsglede i hverdagen.<\/p><p>Monica Hansen personlig trener Lillestr\u00f8m f\u00f8lger deg hele veien. Hun vet at motivasjon kan svinge, og derfor legger hun inn sm\u00e5 justeringer som holder deg i gang. I tillegg kan du f\u00e5 r\u00e5d om kosthold og enkle \u00f8velser du kan gj\u00f8re hjemme. M\u00e5let er \u00e5 gi deg en treningshverdag du mestrer \u2013 og som passer inn i livet ditt.<\/p>\t\t\t\t\t\t\t\t<\/div>\n\t\t\t\t<\/div>\n\t\t\t\t<div class=\"elementor-element elementor-element-3db9138 elementor-button-align-stretch elementor-widget elementor-widget-form\" data-id=\"3db9138\" data-element_type=\"widget\" data-e-type=\"widget\" data-settings=\"{&quot;step_next_label&quot;:&quot;Next&quot;,&quot;step_previous_label&quot;:&quot;Previous&quot;,&quot;button_width&quot;:&quot;100&quot;,&quot;step_type&quot;:&quot;number_text&quot;,&quot;step_icon_shape&quot;:&quot;circle&quot;}\" data-widget_type=\"form.default\">\n\t\t\t\t<div class=\"elementor-widget-container\">\n\t\t\t\t\t\t\t<form class=\"elementor-form\" method=\"post\" name=\"New Form\">\n\t\t\t<input type=\"hidden\" name=\"post_id\" value=\"486\"\/>\n\t\t\t<input type=\"hidden\" name=\"form_id\" value=\"3db9138\"\/>\n\t\t\t<input type=\"hidden\" name=\"referer_title\" value=\"LFI\" \/>\n\n\t\t\t\n\t\t\t<div class=\"elementor-form-fields-wrapper elementor-labels-above\">\n\t\t\t\t\t\t\t\t<div class=\"elementor-field-type-text elementor-field-group elementor-column elementor-field-group-name elementor-col-100\">\n\t\t\t\t\t\t\t\t\t\t\t\t\t<input size=\"1\" type=\"text\" name=\"form_fields[name]\" id=\"form-field-name\" class=\"elementor-field elementor-size-sm  elementor-field-textual\" placeholder=\"Navn\">\n\t\t\t\t\t\t\t\t\t\t\t<\/div>\n\t\t\t\t\t\t\t\t<div class=\"elementor-field-type-email elementor-field-group elementor-column elementor-field-group-email elementor-col-100 elementor-field-required\">\n\t\t\t\t\t\t\t\t\t\t\t\t\t<input size=\"1\" type=\"email\" name=\"form_fields[email]\" id=\"form-field-email\" class=\"elementor-field elementor-size-sm  elementor-field-textual\" placeholder=\"E-post\" required=\"required\" aria-required=\"true\">\n\t\t\t\t\t\t\t\t\t\t\t<\/div>\n\t\t\t\t\t\t\t\t<div class=\"elementor-field-type-textarea elementor-field-group elementor-column elementor-field-group-message elementor-col-100\">\n\t\t\t\t\t<textarea class=\"elementor-field-textual elementor-field  elementor-size-sm\" name=\"form_fields[message]\" id=\"form-field-message\" rows=\"6\" placeholder=\"Hva kan jeg hjelpe deg med? (Ikke oppgi sensitiv informasjon som f.eks personnummer)\"><\/textarea>\t\t\t\t<\/div>\n\t\t\t\t\t\t\t\t<div class=\"elementor-field-group elementor-column elementor-field-type-submit elementor-col-100 e-form__buttons\">\n\t\t\t\t\t<button type=\"submit\" class=\"elementor-button elementor-size-sm\">\n\t\t\t\t\t\t<span >\n\t\t\t\t\t\t\t\t\t\t\t\t\t\t\t<span class=\" elementor-button-icon\">\n\t\t\t\t\t\t\t\t\t\t\t\t\t\t\t\t\t\t\t\t\t\t\t\t\t\t<\/span>\n\t\t\t\t\t\t\t\t\t\t\t\t\t\t\t\t\t\t\t\t\t\t<span class=\"elementor-button-text\">Send<\/span>\n\t\t\t\t\t\t\t\t\t\t\t\t\t<\/span>\n\t\t\t\t\t<\/button>\n\t\t\t\t<\/div>\n\t\t\t<\/div>\n\t\t<\/form>\n\t\t\t\t\t\t<\/div>\n\t\t\t\t<\/div>\n\t\t\t\t\t<\/div>\n\t\t<\/div>\n\t\t\t\t\t<\/div>\n\t\t<\/section>\n\t\t\t\t\t<\/div>\n\t\t<\/div>\n\t\t\t\t\t<\/div>\n\t\t<\/section>\n\t\t\t\t<\/div>\n\t\t","protected":false},"excerpt":{"rendered":"<p>Monica Hansen mh@lfi.no Personlig trener \u2013 kostholds veileder Personlig trener i Lillestr\u00f8m Monica Hansen Interessefelt:\u00a0Skape gode treningsopplevelser som skal motivere til langvarig trening, Styrketrening for l\u00f8p\/ski, Utholdenhetstrening, Slyngetrening, Utdanning:\u00a0Personlig trener, Norges idrettsh\u00f8gskole NIH Kurs:\u00a0Kosthold og ern\u00e6ring Norges idrettsh\u00f8gskole NIH Erfaring:\u00a0Har i mange \u00e5r jobbet som personlig trener og kostholdsveileder Tlf:\u00a093241840 Monica Hansen personlig trener\u00a0 i [&hellip;]<\/p>\n","protected":false},"author":1,"featured_media":0,"parent":522,"menu_order":0,"comment_status":"closed","ping_status":"closed","template":"elementor_header_footer","meta":{"footnotes":""},"class_list":["post-486","page","type-page","status-publish","hentry"],"yoast_head":"<!-- This site is optimized with the Yoast SEO plugin v27.4 - https:\/\/yoast.com\/product\/yoast-seo-wordpress\/ -->\n<title>Monica Hansen personlig trener Lillestr\u00f8m | LFI Helse + Trening<\/title>\n<meta name=\"description\" content=\"M\u00f8t Monica Hansen \u2013 personlig trener i Lillestr\u00f8m. Hun tilbyr trygg og effektiv trening tilpasset dine behov hos LFI. Bestill time i dag.\" \/>\n<meta name=\"robots\" content=\"index, follow, max-snippet:-1, max-image-preview:large, max-video-preview:-1\" \/>\n<link rel=\"canonical\" href=\"https:\/\/projects.techhivetechnologies.com\/lfi\/behandlere-lfi-lillestrom\/monica-hansen-personlig-trener-lillestrom\/\" \/>\n<meta property=\"og:locale\" content=\"en_US\" \/>\n<meta property=\"og:type\" content=\"article\" \/>\n<meta property=\"og:title\" content=\"Monica Hansen personlig trener Lillestr\u00f8m | LFI Helse + Trening\" \/>\n<meta property=\"og:description\" content=\"M\u00f8t Monica Hansen \u2013 personlig trener i Lillestr\u00f8m. Hun tilbyr trygg og effektiv trening tilpasset dine behov hos LFI. Bestill time i dag.\" \/>\n<meta property=\"og:url\" content=\"https:\/\/projects.techhivetechnologies.com\/lfi\/behandlere-lfi-lillestrom\/monica-hansen-personlig-trener-lillestrom\/\" \/>\n<meta property=\"og:site_name\" content=\"LFI\" \/>\n<meta property=\"article:modified_time\" content=\"2026-03-05T22:36:19+00:00\" \/>\n<meta property=\"og:image\" content=\"https:\/\/projects.techhivetechnologies.com\/lfi\/wp-content\/uploads\/Open-Graph-Logo.jpg\" \/>\n\t<meta property=\"og:image:width\" content=\"1200\" \/>\n\t<meta property=\"og:image:height\" content=\"675\" \/>\n\t<meta property=\"og:image:type\" content=\"image\/jpeg\" \/>\n<meta name=\"twitter:card\" content=\"summary_large_image\" \/>\n<meta name=\"twitter:title\" content=\"Monica Hansen personlig trener Lillestr\u00f8m | LFI Helse + Trening\" \/>\n<meta name=\"twitter:description\" content=\"M\u00f8t Monica Hansen \u2013 personlig trener i Lillestr\u00f8m. Hun tilbyr trygg og effektiv trening tilpasset dine behov hos LFI. Bestill time i dag.\" \/>\n<meta name=\"twitter:label1\" content=\"Est. reading time\" \/>\n\t<meta name=\"twitter:data1\" content=\"2 minutes\" \/>\n<script type=\"application\/ld+json\" class=\"yoast-schema-graph\">{\"@context\":\"https:\\\/\\\/schema.org\",\"@graph\":[{\"@type\":\"WebPage\",\"@id\":\"https:\\\/\\\/projects.techhivetechnologies.com\\\/lfi\\\/behandlere-lfi-lillestrom\\\/monica-hansen-personlig-trener-lillestrom\\\/\",\"url\":\"https:\\\/\\\/projects.techhivetechnologies.com\\\/lfi\\\/behandlere-lfi-lillestrom\\\/monica-hansen-personlig-trener-lillestrom\\\/\",\"name\":\"Monica Hansen personlig trener Lillestr\u00f8m | LFI Helse + Trening\",\"isPartOf\":{\"@id\":\"https:\\\/\\\/projects.techhivetechnologies.com\\\/lfi\\\/#website\"},\"datePublished\":\"2026-03-05T18:59:15+00:00\",\"dateModified\":\"2026-03-05T22:36:19+00:00\",\"description\":\"M\u00f8t Monica Hansen \u2013 personlig trener i Lillestr\u00f8m. Hun tilbyr trygg og effektiv trening tilpasset dine behov hos LFI. Bestill time i dag.\",\"breadcrumb\":{\"@id\":\"https:\\\/\\\/projects.techhivetechnologies.com\\\/lfi\\\/behandlere-lfi-lillestrom\\\/monica-hansen-personlig-trener-lillestrom\\\/#breadcrumb\"},\"inLanguage\":\"en-US\",\"potentialAction\":[{\"@type\":\"ReadAction\",\"target\":[\"https:\\\/\\\/projects.techhivetechnologies.com\\\/lfi\\\/behandlere-lfi-lillestrom\\\/monica-hansen-personlig-trener-lillestrom\\\/\"]}]},{\"@type\":\"BreadcrumbList\",\"@id\":\"https:\\\/\\\/projects.techhivetechnologies.com\\\/lfi\\\/behandlere-lfi-lillestrom\\\/monica-hansen-personlig-trener-lillestrom\\\/#breadcrumb\",\"itemListElement\":[{\"@type\":\"ListItem\",\"position\":1,\"name\":\"Home\",\"item\":\"https:\\\/\\\/projects.techhivetechnologies.com\\\/lfi\\\/\"},{\"@type\":\"ListItem\",\"position\":2,\"name\":\"Behandlere\",\"item\":\"https:\\\/\\\/projects.techhivetechnologies.com\\\/lfi\\\/behandlere-lfi-lillestrom\\\/\"},{\"@type\":\"ListItem\",\"position\":3,\"name\":\"Monica Hansen\"}]},{\"@type\":\"WebSite\",\"@id\":\"https:\\\/\\\/projects.techhivetechnologies.com\\\/lfi\\\/#website\",\"url\":\"https:\\\/\\\/projects.techhivetechnologies.com\\\/lfi\\\/\",\"name\":\"LFI\",\"description\":\"Helse og Trening\",\"potentialAction\":[{\"@type\":\"SearchAction\",\"target\":{\"@type\":\"EntryPoint\",\"urlTemplate\":\"https:\\\/\\\/projects.techhivetechnologies.com\\\/lfi\\\/?s={search_term_string}\"},\"query-input\":{\"@type\":\"PropertyValueSpecification\",\"valueRequired\":true,\"valueName\":\"search_term_string\"}}],\"inLanguage\":\"en-US\"}]}<\/script>\n<!-- \/ Yoast SEO plugin. -->","yoast_head_json":{"title":"Monica Hansen personlig trener Lillestr\u00f8m | LFI Helse + Trening","description":"M\u00f8t Monica Hansen \u2013 personlig trener i Lillestr\u00f8m. Hun tilbyr trygg og effektiv trening tilpasset dine behov hos LFI. Bestill time i dag.","robots":{"index":"index","follow":"follow","max-snippet":"max-snippet:-1","max-image-preview":"max-image-preview:large","max-video-preview":"max-video-preview:-1"},"canonical":"https:\/\/projects.techhivetechnologies.com\/lfi\/behandlere-lfi-lillestrom\/monica-hansen-personlig-trener-lillestrom\/","og_locale":"en_US","og_type":"article","og_title":"Monica Hansen personlig trener Lillestr\u00f8m | LFI Helse + Trening","og_description":"M\u00f8t Monica Hansen \u2013 personlig trener i Lillestr\u00f8m. Hun tilbyr trygg og effektiv trening tilpasset dine behov hos LFI. Bestill time i dag.","og_url":"https:\/\/projects.techhivetechnologies.com\/lfi\/behandlere-lfi-lillestrom\/monica-hansen-personlig-trener-lillestrom\/","og_site_name":"LFI","article_modified_time":"2026-03-05T22:36:19+00:00","og_image":[{"width":1200,"height":675,"url":"https:\/\/projects.techhivetechnologies.com\/lfi\/wp-content\/uploads\/Open-Graph-Logo.jpg","type":"image\/jpeg"}],"twitter_card":"summary_large_image","twitter_title":"Monica Hansen personlig trener Lillestr\u00f8m | LFI Helse + Trening","twitter_description":"M\u00f8t Monica Hansen \u2013 personlig trener i Lillestr\u00f8m. Hun tilbyr trygg og effektiv trening tilpasset dine behov hos LFI. Bestill time i dag.","twitter_misc":{"Est. reading time":"2 minutes"},"schema":{"@context":"https:\/\/schema.org","@graph":[{"@type":"WebPage","@id":"https:\/\/projects.techhivetechnologies.com\/lfi\/behandlere-lfi-lillestrom\/monica-hansen-personlig-trener-lillestrom\/","url":"https:\/\/projects.techhivetechnologies.com\/lfi\/behandlere-lfi-lillestrom\/monica-hansen-personlig-trener-lillestrom\/","name":"Monica Hansen personlig trener Lillestr\u00f8m | LFI Helse + Trening","isPartOf":{"@id":"https:\/\/projects.techhivetechnologies.com\/lfi\/#website"},"datePublished":"2026-03-05T18:59:15+00:00","dateModified":"2026-03-05T22:36:19+00:00","description":"M\u00f8t Monica Hansen \u2013 personlig trener i Lillestr\u00f8m. Hun tilbyr trygg og effektiv trening tilpasset dine behov hos LFI. Bestill time i dag.","breadcrumb":{"@id":"https:\/\/projects.techhivetechnologies.com\/lfi\/behandlere-lfi-lillestrom\/monica-hansen-personlig-trener-lillestrom\/#breadcrumb"},"inLanguage":"en-US","potentialAction":[{"@type":"ReadAction","target":["https:\/\/projects.techhivetechnologies.com\/lfi\/behandlere-lfi-lillestrom\/monica-hansen-personlig-trener-lillestrom\/"]}]},{"@type":"BreadcrumbList","@id":"https:\/\/projects.techhivetechnologies.com\/lfi\/behandlere-lfi-lillestrom\/monica-hansen-personlig-trener-lillestrom\/#breadcrumb","itemListElement":[{"@type":"ListItem","position":1,"name":"Home","item":"https:\/\/projects.techhivetechnologies.com\/lfi\/"},{"@type":"ListItem","position":2,"name":"Behandlere","item":"https:\/\/projects.techhivetechnologies.com\/lfi\/behandlere-lfi-lillestrom\/"},{"@type":"ListItem","position":3,"name":"Monica Hansen"}]},{"@type":"WebSite","@id":"https:\/\/projects.techhivetechnologies.com\/lfi\/#website","url":"https:\/\/projects.techhivetechnologies.com\/lfi\/","name":"LFI","description":"Helse og Trening","potentialAction":[{"@type":"SearchAction","target":{"@type":"EntryPoint","urlTemplate":"https:\/\/projects.techhivetechnologies.com\/lfi\/?s={search_term_string}"},"query-input":{"@type":"PropertyValueSpecification","valueRequired":true,"valueName":"search_term_string"}}],"inLanguage":"en-US"}]}},"_links":{"self":[{"href":"https:\/\/projects.techhivetechnologies.com\/lfi\/wp-json\/wp\/v2\/pages\/486","targetHints":{"allow":["GET"]}}],"collection":[{"href":"https:\/\/projects.techhivetechnologies.com\/lfi\/wp-json\/wp\/v2\/pages"}],"about":[{"href":"https:\/\/projects.techhivetechnologies.com\/lfi\/wp-json\/wp\/v2\/types\/page"}],"author":[{"embeddable":true,"href":"https:\/\/projects.techhivetechnologies.com\/lfi\/wp-json\/wp\/v2\/users\/1"}],"replies":[{"embeddable":true,"href":"https:\/\/projects.techhivetechnologies.com\/lfi\/wp-json\/wp\/v2\/comments?post=486"}],"version-history":[{"count":8,"href":"https:\/\/projects.techhivetechnologies.com\/lfi\/wp-json\/wp\/v2\/pages\/486\/revisions"}],"predecessor-version":[{"id":7699,"href":"https:\/\/projects.techhivetechnologies.com\/lfi\/wp-json\/wp\/v2\/pages\/486\/revisions\/7699"}],"up":[{"embeddable":true,"href":"https:\/\/projects.techhivetechnologies.com\/lfi\/wp-json\/wp\/v2\/pages\/522"}],"wp:attachment":[{"href":"https:\/\/projects.techhivetechnologies.com\/lfi\/wp-json\/wp\/v2\/media?parent=486"}],"curies":[{"name":"wp","href":"https:\/\/api.w.org\/{rel}","templated":true}]}}